185.213.174.18 - - [30/Apr/2026:14:42:35 -0300] "GET /swagger.json HTTP/1.1" 404 - "-" "Mozilla/5.0 (iPad; CPU OS 18_1 like Mac OS X) AppleWebKit/605.1.15 (KHTML, like Gecko) Version/18.1 Mobile/15E148 Safari/604.1"
185.213.174.18 - - [30/Apr/2026:14:42:35 -0300] "GET /actuator/env HTTP/1.1" 404 - "-" "Mozilla/5.0 (iPhone; CPU iPhone OS 18_1 like Mac OS X) AppleWebKit/605.1.15 (KHTML, like Gecko) Version/18.1 Mobile/15E148 Safari/604.1"
185.213.174.18 - - [30/Apr/2026:14:42:35 -0300] "GET /stats.json HTTP/1.1" 404 - "-" "Mozilla/5.0 (Windows NT 10.0; Win64; x64) AppleWebKit/537.36 (KHTML, like Gecko) Chrome/131.0.0.0 Safari/537.36 Edg/131.0.0.0"
185.213.174.18 - - [30/Apr/2026:14:42:35 -0300] "GET /api/env HTTP/1.1" 404 - "-" "Mozilla/5.0 (Linux; Android 14; Pixel 9) AppleWebKit/537.36 (KHTML, like Gecko) Chrome/131.0.0.0 Mobile Safari/537.36"
185.213.174.18 - - [30/Apr/2026:14:42:35 -0300] "GET /v3/api-docs HTTP/1.1" 404 - "-" "Mozilla/5.0 (Windows NT 10.0; Win64; x64; rv:133.0) Gecko/20100101 Firefox/133.0"
185.213.174.18 - - [30/Apr/2026:14:42:35 -0300] "GET /runtime-config.js HTTP/1.1" 404 - "-" "Mozilla/5.0 (Linux; Android 14; Pixel 9) AppleWebKit/537.36 (KHTML, like Gecko) Chrome/131.0.0.0 Mobile Safari/537.36"
185.213.174.18 - - [30/Apr/2026:14:42:35 -0300] "GET /api/settings HTTP/1.1" 404 - "-" "Mozilla/5.0 (Windows NT 10.0; Win64; x64) AppleWebKit/537.36 (KHTML, like Gecko) Chrome/129.0.0.0 Safari/537.36"
185.213.174.18 - - [30/Apr/2026:14:42:35 -0300] "GET /manage/env HTTP/1.1" 404 - "-" "Mozilla/5.0 (Macintosh; Intel Mac OS X 10_15_7) AppleWebKit/605.1.15 (KHTML, like Gecko) Version/17.6 Safari/605.1.15"
185.213.174.18 - - [30/Apr/2026:14:42:35 -0300] "GET /env.json HTTP/1.1" 404 - "-" "Mozilla/5.0 (iPhone; CPU iPhone OS 18_1 like Mac OS X) AppleWebKit/605.1.15 (KHTML, like Gecko) Version/18.1 Mobile/15E148 Safari/604.1"
185.213.174.18 - - [30/Apr/2026:14:42:35 -0300] "GET /__env.js HTTP/1.1" 404 - "-" "Mozilla/5.0 (Macintosh; Intel Mac OS X 14.7; rv:133.0) Gecko/20100101 Firefox/133.0"
185.213.174.18 - - [30/Apr/2026:14:42:35 -0300] "GET /api/v1/env HTTP/1.1" 404 - "-" "Mozilla/5.0 (Windows NT 10.0; Win64; x64; rv:133.0) Gecko/20100101 Firefox/133.0"
185.213.174.18 - - [30/Apr/2026:14:42:35 -0300] "GET /api/v1/settings HTTP/1.1" 404 - "-" "Mozilla/5.0 (iPad; CPU OS 18_1 like Mac OS X) AppleWebKit/605.1.15 (KHTML, like Gecko) Version/18.1 Mobile/15E148 Safari/604.1"
185.213.174.18 - - [30/Apr/2026:14:42:35 -0300] "GET /settings.json HTTP/1.1" 404 - "-" "Mozilla/5.0 (Windows NT 10.0; Win64; x64) AppleWebKit/537.36 (KHTML, like Gecko) Chrome/131.0.0.0 Safari/537.36 Edg/131.0.0.0"
185.213.174.18 - - [30/Apr/2026:14:42:35 -0300] "GET /openapi.json HTTP/1.1" 404 - "-" "Mozilla/5.0 (Windows NT 10.0; Win64; x64) AppleWebKit/537.36 (KHTML, like Gecko) Chrome/131.0.0.0 Safari/537.36"
185.213.174.18 - - [30/Apr/2026:14:42:35 -0300] "GET /graphql HTTP/1.1" 200 8726 "-" "Mozilla/5.0 (Linux; Android 14; Pixel 9) AppleWebKit/537.36 (KHTML, like Gecko) Chrome/131.0.0.0 Mobile Safari/537.36"
185.213.174.18 - - [30/Apr/2026:14:42:35 -0300] "GET /api-docs HTTP/1.1" 200 8726 "-" "Mozilla/5.0 (Windows NT 10.0; Win64; x64) AppleWebKit/537.36 (KHTML, like Gecko) Chrome/129.0.0.0 Safari/537.36"
185.213.174.18 - - [30/Apr/2026:14:42:36 -0300] "GET /app-config.json HTTP/1.1" 404 - "-" "Mozilla/5.0 (X11; Linux x86_64) AppleWebKit/537.36 (KHTML, like Gecko) Chrome/131.0.0.0 Safari/537.36"
185.213.174.18 - - [30/Apr/2026:14:42:36 -0300] "GET /api/config HTTP/1.1" 404 - "-" "Mozilla/5.0 (Windows NT 10.0; Win64; x64) AppleWebKit/537.36 (KHTML, like Gecko) Chrome/130.0.0.0 Safari/537.36"
185.213.174.18 - - [30/Apr/2026:14:42:36 -0300] "GET /config.json HTTP/1.1" 404 - "-" "Mozilla/5.0 (Windows NT 10.0; Win64; x64; rv:132.0) Gecko/20100101 Firefox/132.0"
185.213.174.18 - - [30/Apr/2026:14:42:36 -0300] "GET /webpack-stats.json HTTP/1.1" 404 - "-" "Mozilla/5.0 (Linux; Android 14; SM-S921B) AppleWebKit/537.36 (KHTML, like Gecko) Chrome/131.0.0.0 Mobile Safari/537.36"
185.213.174.18 - - [30/Apr/2026:14:42:46 -0300] "POST /_ignition/execute-solution HTTP/1.1" 404 - "-" "Mozilla/5.0 (Macintosh; Intel Mac OS X 10_15_7) AppleWebKit/537.36 (KHTML, like Gecko) Chrome/131.0.0.0 Safari/537.36"
185.213.174.18 - - [30/Apr/2026:14:42:47 -0300] "POST /actuator/env HTTP/1.1" 404 - "-" "Mozilla/5.0 (Linux; Android 14; SM-S921B) AppleWebKit/537.36 (KHTML, like Gecko) Chrome/131.0.0.0 Mobile Safari/537.36"
185.213.174.18 - - [30/Apr/2026:14:42:47 -0300] "POST /graphql HTTP/1.1" 200 8726 "-" "Mozilla/5.0 (Linux; Android 14; SM-S921B) AppleWebKit/537.36 (KHTML, like Gecko) Chrome/131.0.0.0 Mobile Safari/537.36"
185.213.174.18 - - [30/Apr/2026:14:42:47 -0300] "POST /api HTTP/1.1" 200 8726 "-" "Mozilla/5.0 (iPhone; CPU iPhone OS 18_1 like Mac OS X) AppleWebKit/605.1.15 (KHTML, like Gecko) Version/18.1 Mobile/15E148 Safari/604.1"
185.213.174.18 - - [30/Apr/2026:14:42:49 -0300] "POST /api/v1 HTTP/1.1" 404 - "-" "Mozilla/5.0 (Windows NT 10.0; Win64; x64) AppleWebKit/537.36 (KHTML, like Gecko) Chrome/131.0.0.0 Safari/537.36 Edg/131.0.0.0"
185.213.174.18 - - [30/Apr/2026:14:42:49 -0300] "POST / HTTP/1.1" 200 31012 "-" "Mozilla/5.0 (Linux; Android 14; Pixel 9) AppleWebKit/537.36 (KHTML, like Gecko) Chrome/131.0.0.0 Mobile Safari/537.36"
85.208.96.198 - - [30/Apr/2026:14:43:29 -0300] "GET /robots.txt HTTP/1.1" 404 - "-" "Mozilla/5.0 (compatible; SemrushBot/7~bl; +http://www.semrush.com/bot.html)"
185.191.171.18 - - [30/Apr/2026:14:43:30 -0300] "GET /noticias/289/21022022 HTTP/1.1" 200 51474 "-" "Mozilla/5.0 (compatible; SemrushBot/7~bl; +http://www.semrush.com/bot.html)"
216.73.217.146 - - [30/Apr/2026:14:45:18 -0300] "GET /dimon/midea/69c18cac8d734/.pkexec/?C=N&O=D HTTP/2.0" 200 898 "-" "Mozilla/5.0 AppleWebKit/537.36 (KHTML, like Gecko; compatible; ClaudeBot/1.0; +claudebot@anthropic.com)"
216.73.217.146 - - [30/Apr/2026:14:48:32 -0300] "GET /dimon/midea/69c18cac8d734/.pkexec/?C=D&O=A HTTP/2.0" 200 898 "-" "Mozilla/5.0 AppleWebKit/537.36 (KHTML, like Gecko; compatible; ClaudeBot/1.0; +claudebot@anthropic.com)"
40.77.167.78 - - [30/Apr/2026:14:48:44 -0300] "GET /syndrome-in-infected-is-to-someday-run-for-shelter-but-if-anime-synopsis-is-necessary-despite-tension HTTP/2.0" 200 8726 "-" "Mozilla/5.0 AppleWebKit/537.36 (KHTML, like Gecko; compatible; bingbot/2.0; +http://www.bing.com/bingbot.htm) Chrome/116.0.1938.76 Safari/537.36"
40.77.167.78 - - [30/Apr/2026:14:48:45 -0300] "GET /rename-currently-selected-language-matter HTTP/2.0" 200 8726 "-" "Mozilla/5.0 AppleWebKit/537.36 (KHTML, like Gecko; compatible; bingbot/2.0; +http://www.bing.com/bingbot.htm) Chrome/116.0.1938.76 Safari/537.36"
216.73.217.146 - - [30/Apr/2026:14:49:50 -0300] "GET /dimon/midea/69c18cac8d734/.pkexec/?C=M&O=A HTTP/2.0" 200 898 "-" "Mozilla/5.0 AppleWebKit/537.36 (KHTML, like Gecko; compatible; ClaudeBot/1.0; +claudebot@anthropic.com)"
216.73.217.146 - - [30/Apr/2026:14:50:32 -0300] "GET /dimon/midea/69c18cac8d734/.pkexec/?C=S&O=A HTTP/2.0" 200 898 "-" "Mozilla/5.0 AppleWebKit/537.36 (KHTML, like Gecko; compatible; ClaudeBot/1.0; +claudebot@anthropic.com)"
216.73.217.146 - - [30/Apr/2026:14:50:32 -0300] "GET /dimon/midea/69c18cac8d734/ HTTP/2.0" 200 1053 "-" "Mozilla/5.0 AppleWebKit/537.36 (KHTML, like Gecko; compatible; ClaudeBot/1.0; +claudebot@anthropic.com)"
216.73.217.146 - - [30/Apr/2026:14:50:38 -0300] "GET /dimon/midea/69c18cac8d734/.pkexec/gconv-modules HTTP/2.0" 200 32 "-" "Mozilla/5.0 AppleWebKit/537.36 (KHTML, like Gecko; compatible; ClaudeBot/1.0; +claudebot@anthropic.com)"
216.73.217.146 - - [30/Apr/2026:14:53:13 -0300] "GET /dimon/midea/69c18cac8d734/GCONV_PATH=./?C=D&O=A HTTP/2.0" 200 727 "-" "Mozilla/5.0 AppleWebKit/537.36 (KHTML, like Gecko; compatible; ClaudeBot/1.0; +claudebot@anthropic.com)"
216.73.217.146 - - [30/Apr/2026:14:53:19 -0300] "GET /dimon/midea/69c18cac8d734/GCONV_PATH=./?C=S&O=A HTTP/2.0" 200 727 "-" "Mozilla/5.0 AppleWebKit/537.36 (KHTML, like Gecko; compatible; ClaudeBot/1.0; +claudebot@anthropic.com)"
216.73.217.146 - - [30/Apr/2026:14:54:10 -0300] "GET /dimon/midea/69c18cac8d734/GCONV_PATH=./?C=N&O=D HTTP/2.0" 200 727 "-" "Mozilla/5.0 AppleWebKit/537.36 (KHTML, like Gecko; compatible; ClaudeBot/1.0; +claudebot@anthropic.com)"
216.73.217.146 - - [30/Apr/2026:14:54:52 -0300] "GET /dimon/midea/69c18cac8d734/GCONV_PATH=./?C=M&O=A HTTP/2.0" 200 727 "-" "Mozilla/5.0 AppleWebKit/537.36 (KHTML, like Gecko; compatible; ClaudeBot/1.0; +claudebot@anthropic.com)"
185.191.171.8 - - [30/Apr/2026:14:56:27 -0300] "GET /noticias/598/caxingo-recebe-premio-alfa-10-em-teresina-e-destaca-se-pela-educacao-de-qualidade HTTP/1.1" 200 16704 "-" "Mozilla/5.0 (compatible; SemrushBot/7~bl; +http://www.semrush.com/bot.html)"
37.27.59.176 - - [30/Apr/2026:15:10:38 -0300] "GET /robots.txt HTTP/1.1" 404 - "-" "Mozilla/5.0 (compatible; SERankingBacklinksBot/1.0; +https://seranking.com/backlinks-crawler)"
37.27.59.176 - - [30/Apr/2026:15:10:39 -0300] "GET /25/caxingo-esta-ha-15-dias-sem-registro-de-novos-casos-de-covid-19 HTTP/1.1" 404 - "-" "Mozilla/5.0 (compatible; SERankingBacklinksBot/1.0; +https://seranking.com/backlinks-crawler)"
34.197.23.26 - - [30/Apr/2026:15:15:09 -0300] "GET /robots.txt HTTP/1.1" 404 - "-" "Mozilla/5.0 (Macintosh; Intel Mac OS X 10_10_1) AppleWebKit/600.2.5 (KHTML, like Gecko) Version/8.0.2 Safari/600.2.5 (Gort)"
207.46.13.124 - - [30/Apr/2026:15:25:33 -0300] "GET /surely-ridiculous-is-your-restart-technique HTTP/2.0" 200 8726 "-" "Mozilla/5.0 AppleWebKit/537.36 (KHTML, like Gecko; compatible; bingbot/2.0; +http://www.bing.com/bingbot.htm) Chrome/116.0.1938.76 Safari/537.36"
207.46.13.124 - - [30/Apr/2026:15:25:33 -0300] "GET /lamb-wave-in-unit-selection-speech-synthesis?/jogo-do-bicho-deu-no-poste-de-hoje/800000iv6o.html HTTP/2.0" 200 8726 "-" "Mozilla/5.0 AppleWebKit/537.36 (KHTML, like Gecko; compatible; bingbot/2.0; +http://www.bing.com/bingbot.htm) Chrome/116.0.1938.76 Safari/537.36"
207.46.13.102 - - [30/Apr/2026:15:32:23 -0300] "GET /log-inside-this-comfy-chair HTTP/2.0" 200 8726 "-" "Mozilla/5.0 AppleWebKit/537.36 (KHTML, like Gecko; compatible; bingbot/2.0; +http://www.bing.com/bingbot.htm) Chrome/116.0.1938.76 Safari/537.36"
207.46.13.102 - - [30/Apr/2026:15:33:26 -0300] "GET /a-wire-transfer-or-sell-it-and-internalize HTTP/2.0" 200 8726 "-" "Mozilla/5.0 AppleWebKit/537.36 (KHTML, like Gecko; compatible; bingbot/2.0; +http://www.bing.com/bingbot.htm) Chrome/116.0.1938.76 Safari/537.36"
40.77.167.63 - - [30/Apr/2026:15:33:42 -0300] "GET /maroon-and-gold HTTP/2.0" 200 8726 "-" "Mozilla/5.0 AppleWebKit/537.36 (KHTML, like Gecko; compatible; bingbot/2.0; +http://www.bing.com/bingbot.htm) Chrome/116.0.1938.76 Safari/537.36"
185.191.171.8 - - [30/Apr/2026:15:38:15 -0300] "GET /robots.txt HTTP/1.1" 404 - "-" "Mozilla/5.0 (compatible; SemrushBot/7~bl; +http://www.semrush.com/bot.html)"
85.208.96.203 - - [30/Apr/2026:15:38:15 -0300] "GET /noticias/533/prefeito-autoriza-construcao-de-quadra-praca-e-academia-de-saude-em-entrecaatinga HTTP/1.1" 200 14853 "-" "Mozilla/5.0 (compatible; SemrushBot/7~bl; +http://www.semrush.com/bot.html)"
216.73.217.146 - - [30/Apr/2026:15:38:26 -0300] "GET /robots.txt HTTP/2.0" 404 - "-" "Mozilla/5.0 AppleWebKit/537.36 (KHTML, like Gecko; compatible; ClaudeBot/1.0; +claudebot@anthropic.com)"
216.73.217.146 - - [30/Apr/2026:15:38:27 -0300] "GET /dimon/midea/619e561a21e41/ HTTP/2.0" 200 1053 "-" "Mozilla/5.0 AppleWebKit/537.36 (KHTML, like Gecko; compatible; ClaudeBot/1.0; +claudebot@anthropic.com)"
216.73.217.146 - - [30/Apr/2026:15:38:27 -0300] "GET /dimon/midea/644bdb632b301/ HTTP/2.0" 200 1053 "-" "Mozilla/5.0 AppleWebKit/537.36 (KHTML, like Gecko; compatible; ClaudeBot/1.0; +claudebot@anthropic.com)"
216.73.217.146 - - [30/Apr/2026:15:39:44 -0300] "GET /dimon/midea/644bdb632b301/.pkexec/gconv-modules HTTP/2.0" 200 32 "-" "Mozilla/5.0 AppleWebKit/537.36 (KHTML, like Gecko; compatible; ClaudeBot/1.0; +claudebot@anthropic.com)"
216.73.217.146 - - [30/Apr/2026:15:39:44 -0300] "GET /dimon/midea/619e561a21e41/.pkexec/gconv-modules HTTP/2.0" 200 32 "-" "Mozilla/5.0 AppleWebKit/537.36 (KHTML, like Gecko; compatible; ClaudeBot/1.0; +claudebot@anthropic.com)"
216.73.217.146 - - [30/Apr/2026:15:40:02 -0300] "GET /dimon/midea/628e790fb3b84/GCONV_PATH=./?C=M&O=D HTTP/2.0" 200 727 "-" "Mozilla/5.0 AppleWebKit/537.36 (KHTML, like Gecko; compatible; ClaudeBot/1.0; +claudebot@anthropic.com)"
216.73.217.146 - - [30/Apr/2026:15:40:02 -0300] "GET /dimon/midea/628e790fb3b84/GCONV_PATH=./?C=D&O=D HTTP/2.0" 200 727 "-" "Mozilla/5.0 AppleWebKit/537.36 (KHTML, like Gecko; compatible; ClaudeBot/1.0; +claudebot@anthropic.com)"
216.73.217.146 - - [30/Apr/2026:15:40:23 -0300] "GET /dimon/midea/644bdb632b301/GCONV_PATH=./?C=S&O=A HTTP/2.0" 200 727 "-" "Mozilla/5.0 AppleWebKit/537.36 (KHTML, like Gecko; compatible; ClaudeBot/1.0; +claudebot@anthropic.com)"
216.73.217.146 - - [30/Apr/2026:15:40:23 -0300] "GET /dimon/midea/644bdb632b301/GCONV_PATH=./?C=M&O=A HTTP/2.0" 200 727 "-" "Mozilla/5.0 AppleWebKit/537.36 (KHTML, like Gecko; compatible; ClaudeBot/1.0; +claudebot@anthropic.com)"
216.73.217.146 - - [30/Apr/2026:15:40:26 -0300] "GET /dimon/midea/628e790fb3b84/GCONV_PATH=./?C=N&O=A HTTP/2.0" 200 727 "-" "Mozilla/5.0 AppleWebKit/537.36 (KHTML, like Gecko; compatible; ClaudeBot/1.0; +claudebot@anthropic.com)"
216.73.217.146 - - [30/Apr/2026:15:40:26 -0300] "GET /dimon/midea/628e790fb3b84/GCONV_PATH=./?C=S&O=D HTTP/2.0" 200 727 "-" "Mozilla/5.0 AppleWebKit/537.36 (KHTML, like Gecko; compatible; ClaudeBot/1.0; +claudebot@anthropic.com)"
216.73.217.146 - - [30/Apr/2026:15:40:35 -0300] "GET /dimon/midea/644bdb632b301/GCONV_PATH=./?C=N&O=D HTTP/2.0" 200 727 "-" "Mozilla/5.0 AppleWebKit/537.36 (KHTML, like Gecko; compatible; ClaudeBot/1.0; +claudebot@anthropic.com)"
216.73.217.146 - - [30/Apr/2026:15:40:35 -0300] "GET /dimon/midea/644bdb632b301/GCONV_PATH=./?C=D&O=A HTTP/2.0" 200 727 "-" "Mozilla/5.0 AppleWebKit/537.36 (KHTML, like Gecko; compatible; ClaudeBot/1.0; +claudebot@anthropic.com)"
216.73.217.146 - - [30/Apr/2026:15:40:51 -0300] "GET /dimon/midea/619e561a21e41/GCONV_PATH=./?C=M&O=A HTTP/2.0" 200 727 "-" "Mozilla/5.0 AppleWebKit/537.36 (KHTML, like Gecko; compatible; ClaudeBot/1.0; +claudebot@anthropic.com)"
216.73.217.146 - - [30/Apr/2026:15:40:51 -0300] "GET /dimon/midea/619e561a21e41/GCONV_PATH=./?C=S&O=A HTTP/2.0" 200 727 "-" "Mozilla/5.0 AppleWebKit/537.36 (KHTML, like Gecko; compatible; ClaudeBot/1.0; +claudebot@anthropic.com)"
216.73.217.146 - - [30/Apr/2026:15:42:16 -0300] "GET /dimon/midea/619e561a21e41/GCONV_PATH=./?C=N&O=D HTTP/2.0" 200 727 "-" "Mozilla/5.0 AppleWebKit/537.36 (KHTML, like Gecko; compatible; ClaudeBot/1.0; +claudebot@anthropic.com)"
216.73.217.146 - - [30/Apr/2026:15:42:16 -0300] "GET /dimon/midea/619e561a21e41/GCONV_PATH=./?C=D&O=A HTTP/2.0" 200 727 "-" "Mozilla/5.0 AppleWebKit/537.36 (KHTML, like Gecko; compatible; ClaudeBot/1.0; +claudebot@anthropic.com)"
216.73.217.146 - - [30/Apr/2026:15:42:23 -0300] "GET /dimon/midea/628e790fb3b84/.pkexec/?C=M&O=D HTTP/2.0" 200 1079 "-" "Mozilla/5.0 AppleWebKit/537.36 (KHTML, like Gecko; compatible; ClaudeBot/1.0; +claudebot@anthropic.com)"
216.73.217.146 - - [30/Apr/2026:15:42:23 -0300] "GET /dimon/midea/628e790fb3b84/.pkexec/?C=S&O=D HTTP/2.0" 200 1079 "-" "Mozilla/5.0 AppleWebKit/537.36 (KHTML, like Gecko; compatible; ClaudeBot/1.0; +claudebot@anthropic.com)"
216.73.217.146 - - [30/Apr/2026:15:42:42 -0300] "GET /dimon/midea/628e790fb3b84/.pkexec/?C=D&O=D HTTP/2.0" 200 1079 "-" "Mozilla/5.0 AppleWebKit/537.36 (KHTML, like Gecko; compatible; ClaudeBot/1.0; +claudebot@anthropic.com)"
216.73.217.146 - - [30/Apr/2026:15:42:42 -0300] "GET /dimon/midea/628e790fb3b84/.pkexec/?C=N&O=A HTTP/2.0" 200 1079 "-" "Mozilla/5.0 AppleWebKit/537.36 (KHTML, like Gecko; compatible; ClaudeBot/1.0; +claudebot@anthropic.com)"
216.73.217.146 - - [30/Apr/2026:15:43:02 -0300] "GET /dimon/midea/644bdb632b301/.pkexec/?C=S&O=A HTTP/2.0" 200 898 "-" "Mozilla/5.0 AppleWebKit/537.36 (KHTML, like Gecko; compatible; ClaudeBot/1.0; +claudebot@anthropic.com)"
216.73.217.146 - - [30/Apr/2026:15:43:02 -0300] "GET /dimon/midea/644bdb632b301/.pkexec/?C=M&O=A HTTP/2.0" 200 898 "-" "Mozilla/5.0 AppleWebKit/537.36 (KHTML, like Gecko; compatible; ClaudeBot/1.0; +claudebot@anthropic.com)"
216.73.217.146 - - [30/Apr/2026:15:43:08 -0300] "GET /dimon/midea/644bdb632b301/.pkexec/?C=N&O=D HTTP/2.0" 200 898 "-" "Mozilla/5.0 AppleWebKit/537.36 (KHTML, like Gecko; compatible; ClaudeBot/1.0; +claudebot@anthropic.com)"
216.73.217.146 - - [30/Apr/2026:15:43:08 -0300] "GET /dimon/midea/644bdb632b301/.pkexec/?C=D&O=A HTTP/2.0" 200 898 "-" "Mozilla/5.0 AppleWebKit/537.36 (KHTML, like Gecko; compatible; ClaudeBot/1.0; +claudebot@anthropic.com)"
216.73.217.146 - - [30/Apr/2026:15:43:15 -0300] "GET /dimon/midea/619e561a21e41/.pkexec/?C=M&O=A HTTP/2.0" 200 898 "-" "Mozilla/5.0 AppleWebKit/537.36 (KHTML, like Gecko; compatible; ClaudeBot/1.0; +claudebot@anthropic.com)"
216.73.217.146 - - [30/Apr/2026:15:44:16 -0300] "GET /dimon/midea/619e561a21e41/.pkexec/?C=S&O=A HTTP/2.0" 200 898 "-" "Mozilla/5.0 AppleWebKit/537.36 (KHTML, like Gecko; compatible; ClaudeBot/1.0; +claudebot@anthropic.com)"
216.73.217.146 - - [30/Apr/2026:15:44:30 -0300] "GET /dimon/midea/619e561a21e41/.pkexec/?C=D&O=A HTTP/2.0" 200 898 "-" "Mozilla/5.0 AppleWebKit/537.36 (KHTML, like Gecko; compatible; ClaudeBot/1.0; +claudebot@anthropic.com)"
216.73.217.146 - - [30/Apr/2026:15:44:49 -0300] "GET /dimon/midea/628e790fb3b84/.pkexec/GCONV_PATH=./?C=S&O=A HTTP/2.0" 200 751 "-" "Mozilla/5.0 AppleWebKit/537.36 (KHTML, like Gecko; compatible; ClaudeBot/1.0; +claudebot@anthropic.com)"
216.73.217.146 - - [30/Apr/2026:15:45:10 -0300] "GET /dimon/midea/619e561a21e41/.pkexec/?C=N&O=D HTTP/2.0" 200 898 "-" "Mozilla/5.0 AppleWebKit/537.36 (KHTML, like Gecko; compatible; ClaudeBot/1.0; +claudebot@anthropic.com)"
216.73.217.146 - - [30/Apr/2026:15:45:17 -0300] "GET /dimon/midea/628e790fb3b84/.pkexec/GCONV_PATH=./?C=M&O=A HTTP/2.0" 200 751 "-" "Mozilla/5.0 AppleWebKit/537.36 (KHTML, like Gecko; compatible; ClaudeBot/1.0; +claudebot@anthropic.com)"
216.73.217.146 - - [30/Apr/2026:15:45:25 -0300] "GET /dimon/midea/628e790fb3b84/.pkexec/GCONV_PATH=./?C=D&O=A HTTP/2.0" 200 751 "-" "Mozilla/5.0 AppleWebKit/537.36 (KHTML, like Gecko; compatible; ClaudeBot/1.0; +claudebot@anthropic.com)"
216.73.217.146 - - [30/Apr/2026:15:46:31 -0300] "GET /dimon/midea/628e790fb3b84/.pkexec/GCONV_PATH=./?C=N&O=D HTTP/2.0" 200 751 "-" "Mozilla/5.0 AppleWebKit/537.36 (KHTML, like Gecko; compatible; ClaudeBot/1.0; +claudebot@anthropic.com)"
216.73.217.146 - - [30/Apr/2026:15:46:43 -0300] "GET /dimon/midea/628e790fb3b84/?C=N&O=D HTTP/2.0" 200 1053 "-" "Mozilla/5.0 AppleWebKit/537.36 (KHTML, like Gecko; compatible; ClaudeBot/1.0; +claudebot@anthropic.com)"
216.73.217.146 - - [30/Apr/2026:15:46:57 -0300] "GET /dimon/midea/628e790fb3b84/?C=M&O=A HTTP/2.0" 200 1053 "-" "Mozilla/5.0 AppleWebKit/537.36 (KHTML, like Gecko; compatible; ClaudeBot/1.0; +claudebot@anthropic.com)"
216.73.217.146 - - [30/Apr/2026:15:47:04 -0300] "GET /dimon/midea/628e790fb3b84/?C=D&O=A HTTP/2.0" 200 1053 "-" "Mozilla/5.0 AppleWebKit/537.36 (KHTML, like Gecko; compatible; ClaudeBot/1.0; +claudebot@anthropic.com)"
216.73.217.146 - - [30/Apr/2026:15:47:30 -0300] "GET /dimon/midea/628e790fb3b84/?C=S&O=A HTTP/2.0" 200 1053 "-" "Mozilla/5.0 AppleWebKit/537.36 (KHTML, like Gecko; compatible; ClaudeBot/1.0; +claudebot@anthropic.com)"
216.73.217.146 - - [30/Apr/2026:15:55:22 -0300] "GET /dimon/midea/69c18cac8d734/.pkexec/?C=N&O=A HTTP/2.0" 200 898 "-" "Mozilla/5.0 AppleWebKit/537.36 (KHTML, like Gecko; compatible; ClaudeBot/1.0; +claudebot@anthropic.com)"
66.249.73.3 - - [30/Apr/2026:15:56:02 -0300] "GET /robots.txt HTTP/1.1" 404 - "-" "Mozilla/5.0 (compatible; Googlebot/2.1; +http://www.google.com/bot.html)"
66.249.73.4 - - [30/Apr/2026:15:56:04 -0300] "GET /site/index.php?/maryland-state-lottery/800000g577.html HTTP/1.1" 200 31012 "-" "Mozilla/5.0 (Linux; Android 6.0.1; Nexus 5X Build/MMB29P) AppleWebKit/537.36 (KHTML, like Gecko) Chrome/147.0.7727.137 Mobile Safari/537.36 (compatible; Googlebot/2.1; +http://www.google.com/bot.html)"
52.167.144.205 - - [30/Apr/2026:15:56:06 -0300] "GET /help-resurrect-an-old-bottle-it-would-pass HTTP/2.0" 200 8726 "-" "Mozilla/5.0 AppleWebKit/537.36 (KHTML, like Gecko; compatible; bingbot/2.0; +http://www.bing.com/bingbot.htm) Chrome/116.0.1938.76 Safari/537.36"
66.249.73.4 - - [30/Apr/2026:15:56:18 -0300] "GET /site/css/styless.css?cache= HTTP/1.1" 200 9498 "https://caxingo.pi.gov.br/site/index.php?/maryland-state-lottery/800000g577.html" "Mozilla/5.0 (Linux; Android 6.0.1; Nexus 5X Build/MMB29P) AppleWebKit/537.36 (KHTML, like Gecko) Chrome/147.0.7727.137 Mobile Safari/537.36 (compatible; Googlebot/2.1; +http://www.google.com/bot.html)"
212.20.136.233 - - [30/Apr/2026:15:59:21 -0300] "GET /dimon/midea/687e4d662a20e/687e4d662c0bf.jpeg HTTP/2.0" 200 221372 "https://caxingo.pi.gov.br" "Mozilla/5.0 (Macintosh; Intel Mac OS X 10_15_7) AppleWebKit/605.1.15 (KHTML, like Gecko) Version/26.0 Safari/605.1.15"
161.142.138.196 - - [30/Apr/2026:15:59:33 -0300] "GET /dimon/midea/687e4d662a20e/687e4d662c0bf.jpeg HTTP/2.0" 200 221372 "https://caxingo.pi.gov.br" "Mozilla/5.0 (Windows NT 10.0; Win64; x64) AppleWebKit/537.36 (KHTML, like Gecko) Chrome/147.0.0.0 Safari/537.36 Edg/147.0.0.0"
170.238.239.88 - - [30/Apr/2026:15:59:42 -0300] "GET /dimon/midea/687e4d662a20e/687e4d662c0bf.jpeg HTTP/2.0" 200 221372 "https://caxingo.pi.gov.br" "Mozilla/5.0 (Windows NT 10.0; Win64; x64) AppleWebKit/537.36 (KHTML, like Gecko) Chrome/147.0.0.0 Safari/537.36 Edg/147.0.0.0"
34.58.148.235 - - [30/Apr/2026:16:04:18 -0300] "GET / HTTP/1.1" 200 31012 "-" "BlackBerry8300/4.2.2 Profile/MIDP-2.0 Configuration/CLDC-1.1 VendorID/107 UP.Link/6.2.3.15.0"
216.73.217.146 - - [30/Apr/2026:16:08:47 -0300] "GET /dimon/midea/69c18cac8d734/?C=S&O=A HTTP/2.0" 200 1053 "-" "Mozilla/5.0 AppleWebKit/537.36 (KHTML, like Gecko; compatible; ClaudeBot/1.0; +claudebot@anthropic.com)"
216.73.217.146 - - [30/Apr/2026:16:09:02 -0300] "GET /dimon/midea/69c18cac8d734/GCONV_PATH=./?C=D&O=D HTTP/2.0" 200 727 "-" "Mozilla/5.0 AppleWebKit/537.36 (KHTML, like Gecko; compatible; ClaudeBot/1.0; +claudebot@anthropic.com)"
207.46.13.160 - - [30/Apr/2026:16:10:08 -0300] "GET /awesome-console-for-a-heater HTTP/2.0" 200 8726 "-" "Mozilla/5.0 AppleWebKit/537.36 (KHTML, like Gecko; compatible; bingbot/2.0; +http://www.bing.com/bingbot.htm) Chrome/116.0.1938.76 Safari/537.36"
207.46.13.160 - - [30/Apr/2026:16:10:09 -0300] "GET /steal-copper-and-put-strength-to-instruct-a-man-go HTTP/2.0" 200 8726 "-" "Mozilla/5.0 AppleWebKit/537.36 (KHTML, like Gecko; compatible; bingbot/2.0; +http://www.bing.com/bingbot.htm) Chrome/116.0.1938.76 Safari/537.36"
104.248.124.140 - - [30/Apr/2026:16:11:54 -0300] "GET /dimon/midea/6157497290a2f/61574a0672d2c.png HTTP/1.1" 200 804499 "https://caxingo.pi.gov.br/" "Mozilla/5.0 (Windows NT 10.0; Win64; x64) AppleWebKit/537.36 (KHTML, like Gecko) Chrome/120.0.0.0 Safari/537.36"
216.73.217.146 - - [30/Apr/2026:16:12:39 -0300] "GET /dimon/midea/69c18cac8d734/GCONV_PATH=./?C=N&O=A HTTP/2.0" 200 727 "-" "Mozilla/5.0 AppleWebKit/537.36 (KHTML, like Gecko; compatible; ClaudeBot/1.0; +claudebot@anthropic.com)"
216.73.217.146 - - [30/Apr/2026:16:12:39 -0300] "GET /dimon/midea/69c18cac8d734/GCONV_PATH=./?C=M&O=D HTTP/2.0" 200 727 "-" "Mozilla/5.0 AppleWebKit/537.36 (KHTML, like Gecko; compatible; ClaudeBot/1.0; +claudebot@anthropic.com)"
216.73.217.146 - - [30/Apr/2026:16:12:39 -0300] "GET /dimon/midea/69c18cac8d734/?C=D&O=A HTTP/2.0" 200 1053 "-" "Mozilla/5.0 AppleWebKit/537.36 (KHTML, like Gecko; compatible; ClaudeBot/1.0; +claudebot@anthropic.com)"
216.73.217.146 - - [30/Apr/2026:16:12:40 -0300] "GET /dimon/midea/61e572f4bebb3/GCONV_PATH=. HTTP/2.0" 301 317 "-" "Mozilla/5.0 AppleWebKit/537.36 (KHTML, like Gecko; compatible; ClaudeBot/1.0; +claudebot@anthropic.com)"
216.73.217.146 - - [30/Apr/2026:16:12:40 -0300] "GET /dimon/midea/61e572f4bebb3/GCONV_PATH=./ HTTP/2.0" 200 908 "https://www.caxingo.pi.gov.br/dimon/midea/61e572f4bebb3/GCONV_PATH=." "Mozilla/5.0 AppleWebKit/537.36 (KHTML, like Gecko; compatible; ClaudeBot/1.0; +claudebot@anthropic.com)"
66.249.73.4 - - [30/Apr/2026:16:12:44 -0300] "GET /cidade HTTP/1.1" 200 6031 "-" "Mozilla/5.0 (compatible; Googlebot/2.1; +http://www.google.com/bot.html)"
216.73.217.146 - - [30/Apr/2026:16:12:59 -0300] "GET /dimon/midea/69c18cac8d734/.pkexec/?C=M&O=D HTTP/2.0" 200 898 "-" "Mozilla/5.0 AppleWebKit/537.36 (KHTML, like Gecko; compatible; ClaudeBot/1.0; +claudebot@anthropic.com)"
66.249.73.5 - - [30/Apr/2026:16:13:05 -0300] "GET /site/index.php?/three-musketeers-slot/8000006tr1.html HTTP/1.1" 200 31012 "-" "Mozilla/5.0 (Linux; Android 6.0.1; Nexus 5X Build/MMB29P) AppleWebKit/537.36 (KHTML, like Gecko) Chrome/147.0.7727.137 Mobile Safari/537.36 (compatible; Googlebot/2.1; +http://www.google.com/bot.html)"
216.73.217.146 - - [30/Apr/2026:16:13:27 -0300] "GET /dimon/midea/69c18cac8d734/?C=M&O=A HTTP/2.0" 200 1053 "-" "Mozilla/5.0 AppleWebKit/537.36 (KHTML, like Gecko; compatible; ClaudeBot/1.0; +claudebot@anthropic.com)"
216.73.217.146 - - [30/Apr/2026:16:14:48 -0300] "GET /dimon/midea/69c18cac8d734/GCONV_PATH=./?C=S&O=D HTTP/2.0" 200 727 "-" "Mozilla/5.0 AppleWebKit/537.36 (KHTML, like Gecko; compatible; ClaudeBot/1.0; +claudebot@anthropic.com)"
216.73.217.146 - - [30/Apr/2026:16:15:01 -0300] "GET /dimon/midea/69c18cac8d734/?C=N&O=D HTTP/2.0" 200 1053 "-" "Mozilla/5.0 AppleWebKit/537.36 (KHTML, like Gecko; compatible; ClaudeBot/1.0; +claudebot@anthropic.com)"
216.73.217.146 - - [30/Apr/2026:16:16:42 -0300] "GET /dimon/midea/61e572f4bebb3/.pkexec HTTP/2.0" 301 312 "-" "Mozilla/5.0 AppleWebKit/537.36 (KHTML, like Gecko; compatible; ClaudeBot/1.0; +claudebot@anthropic.com)"
216.73.217.146 - - [30/Apr/2026:16:16:43 -0300] "GET /dimon/midea/61e572f4bebb3/.pkexec/ HTTP/2.0" 200 898 "https://www.caxingo.pi.gov.br/dimon/midea/61e572f4bebb3/.pkexec" "Mozilla/5.0 AppleWebKit/537.36 (KHTML, like Gecko; compatible; ClaudeBot/1.0; +claudebot@anthropic.com)"
216.73.217.146 - - [30/Apr/2026:16:16:51 -0300] "GET /dimon/midea/69c18cac8d734/.pkexec/?C=D&O=D HTTP/2.0" 200 898 "-" "Mozilla/5.0 AppleWebKit/537.36 (KHTML, like Gecko; compatible; ClaudeBot/1.0; +claudebot@anthropic.com)"
207.46.13.168 - - [30/Apr/2026:16:17:32 -0300] "GET /action-screw-torque HTTP/2.0" 200 8726 "-" "Mozilla/5.0 AppleWebKit/537.36 (KHTML, like Gecko; compatible; bingbot/2.0; +http://www.bing.com/bingbot.htm) Chrome/116.0.1938.76 Safari/537.36"
216.73.217.146 - - [30/Apr/2026:16:18:51 -0300] "GET /dimon/midea/69c18cac8d734/.pkexec/?C=S&O=D HTTP/2.0" 200 898 "-" "Mozilla/5.0 AppleWebKit/537.36 (KHTML, like Gecko; compatible; ClaudeBot/1.0; +claudebot@anthropic.com)"
200.178.209.146 - - [30/Apr/2026:16:20:13 -0300] "HEAD / HTTP/1.1" 200 - "-" "python-requests/2.33.1"
57.141.20.58 - - [30/Apr/2026:16:32:13 -0300] "GET /robots.txt HTTP/2.0" 404 - "-" "facebookexternalhit/1.1 (+http://www.facebook.com/externalhit_uatext.php)"
57.141.20.27 - - [30/Apr/2026:16:32:20 -0300] "GET /noticias/495/municipio-entrega-livros-didaticos-para-alunos-da-rede-municipal-de-ensino HTTP/2.0" 200 15786 "-" "meta-externalagent/1.1 (+https://developers.facebook.com/docs/sharing/webmasters/crawler)"
85.208.96.207 - - [30/Apr/2026:16:41:01 -0300] "GET /robots.txt HTTP/1.1" 404 - "-" "Mozilla/5.0 (compatible; SemrushBot/7~bl; +http://www.semrush.com/bot.html)"
85.208.96.205 - - [30/Apr/2026:16:41:01 -0300] "GET /noticias/525/prefeito-acompanha-estudante-de-caxingo-premiado-na-obmep-2024-em-teresina HTTP/1.1" 200 15241 "-" "Mozilla/5.0 (compatible; SemrushBot/7~bl; +http://www.semrush.com/bot.html)"
207.46.13.17 - - [30/Apr/2026:16:50:21 -0300] "GET /old-enough-for-those-first-and-topmost-priority HTTP/2.0" 200 8726 "-" "Mozilla/5.0 AppleWebKit/537.36 (KHTML, like Gecko; compatible; bingbot/2.0; +http://www.bing.com/bingbot.htm) Chrome/116.0.1938.76 Safari/537.36"
37.27.59.176 - - [30/Apr/2026:16:54:48 -0300] "GET /robots.txt HTTP/1.1" 404 - "-" "Mozilla/5.0 (compatible; SERankingBacklinksBot/1.0; +https://seranking.com/backlinks-crawler)"
37.27.59.176 - - [30/Apr/2026:16:54:50 -0300] "GET /252/magnum-cardoso-visita-povoados-que-serao-beneficiados-com-pavimentacao HTTP/1.1" 404 - "-" "Mozilla/5.0 (compatible; SERankingBacklinksBot/1.0; +https://seranking.com/backlinks-crawler)"
216.73.217.146 - - [30/Apr/2026:16:58:16 -0300] "GET /robots.txt HTTP/2.0" 404 - "-" "Mozilla/5.0 AppleWebKit/537.36 (KHTML, like Gecko; compatible; ClaudeBot/1.0; +claudebot@anthropic.com)"
216.73.217.146 - - [30/Apr/2026:16:58:17 -0300] "GET /dimon/midea/644bdb632b301/?C=N&O=D HTTP/2.0" 200 1053 "-" "Mozilla/5.0 AppleWebKit/537.36 (KHTML, like Gecko; compatible; ClaudeBot/1.0; +claudebot@anthropic.com)"
216.73.217.146 - - [30/Apr/2026:16:58:17 -0300] "GET /dimon/midea/628e790fb3b84/?C=S&O=D HTTP/2.0" 200 1053 "-" "Mozilla/5.0 AppleWebKit/537.36 (KHTML, like Gecko; compatible; ClaudeBot/1.0; +claudebot@anthropic.com)"
216.73.217.146 - - [30/Apr/2026:16:58:26 -0300] "GET /dimon/midea/644bdb632b301/?C=D&O=A HTTP/2.0" 200 1053 "-" "Mozilla/5.0 AppleWebKit/537.36 (KHTML, like Gecko; compatible; ClaudeBot/1.0; +claudebot@anthropic.com)"
216.73.217.146 - - [30/Apr/2026:16:58:26 -0300] "GET /dimon/midea/644bdb632b301/?C=M&O=A HTTP/2.0" 200 1053 "-" "Mozilla/5.0 AppleWebKit/537.36 (KHTML, like Gecko; compatible; ClaudeBot/1.0; +claudebot@anthropic.com)"
200.178.209.146 - - [30/Apr/2026:16:58:51 -0300] "HEAD / HTTP/1.1" 200 - "-" "python-requests/2.33.1"
216.73.217.146 - - [30/Apr/2026:16:58:54 -0300] "GET /dimon/midea/644bdb632b301/?C=S&O=A HTTP/2.0" 200 1053 "-" "Mozilla/5.0 AppleWebKit/537.36 (KHTML, like Gecko; compatible; ClaudeBot/1.0; +claudebot@anthropic.com)"
216.73.217.146 - - [30/Apr/2026:16:58:54 -0300] "GET /dimon/midea/619e561a21e41/?C=N&O=D HTTP/2.0" 200 1053 "-" "Mozilla/5.0 AppleWebKit/537.36 (KHTML, like Gecko; compatible; ClaudeBot/1.0; +claudebot@anthropic.com)"
216.73.217.146 - - [30/Apr/2026:17:00:03 -0300] "GET /dimon/midea/619e561a21e41/?C=M&O=A HTTP/2.0" 200 1053 "-" "Mozilla/5.0 AppleWebKit/537.36 (KHTML, like Gecko; compatible; ClaudeBot/1.0; +claudebot@anthropic.com)"
216.73.217.146 - - [30/Apr/2026:17:00:03 -0300] "GET /dimon/midea/619e561a21e41/?C=D&O=A HTTP/2.0" 200 1053 "-" "Mozilla/5.0 AppleWebKit/537.36 (KHTML, like Gecko; compatible; ClaudeBot/1.0; +claudebot@anthropic.com)"
47.79.194.137 - - [30/Apr/2026:17:00:21 -0300] "GET /dimon/midea/6903605b14b55/6903605b15a68.jpeg HTTP/1.1" 200 143601 "-" "Mozilla/5.0 (Macintosh; Intel Mac OS X 10_15_7) AppleWebKit/537.36 (KHTML, like Gecko) Chrome/146.0.0.0 Safari/537.36"
216.73.217.146 - - [30/Apr/2026:17:00:21 -0300] "GET /dimon/midea/644bdb632b301/GCONV_PATH=./?C=M&O=D HTTP/2.0" 200 727 "-" "Mozilla/5.0 AppleWebKit/537.36 (KHTML, like Gecko; compatible; ClaudeBot/1.0; +claudebot@anthropic.com)"
216.73.217.146 - - [30/Apr/2026:17:00:21 -0300] "GET /dimon/midea/619e561a21e41/?C=S&O=A HTTP/2.0" 200 1053 "-" "Mozilla/5.0 AppleWebKit/537.36 (KHTML, like Gecko; compatible; ClaudeBot/1.0; +claudebot@anthropic.com)"
216.73.217.146 - - [30/Apr/2026:17:00:29 -0300] "GET /dimon/midea/644bdb632b301/GCONV_PATH=./?C=S&O=D HTTP/2.0" 200 727 "-" "Mozilla/5.0 AppleWebKit/537.36 (KHTML, like Gecko; compatible; ClaudeBot/1.0; +claudebot@anthropic.com)"
216.73.217.146 - - [30/Apr/2026:17:00:29 -0300] "GET /dimon/midea/644bdb632b301/GCONV_PATH=./?C=D&O=D HTTP/2.0" 200 727 "-" "Mozilla/5.0 AppleWebKit/537.36 (KHTML, like Gecko; compatible; ClaudeBot/1.0; +claudebot@anthropic.com)"
216.73.217.146 - - [30/Apr/2026:17:00:52 -0300] "GET /dimon/midea/619e561a21e41/GCONV_PATH=./?C=S&O=D HTTP/2.0" 200 727 "-" "Mozilla/5.0 AppleWebKit/537.36 (KHTML, like Gecko; compatible; ClaudeBot/1.0; +claudebot@anthropic.com)"
216.73.217.146 - - [30/Apr/2026:17:00:52 -0300] "GET /dimon/midea/619e561a21e41/GCONV_PATH=./?C=M&O=D HTTP/2.0" 200 727 "-" "Mozilla/5.0 AppleWebKit/537.36 (KHTML, like Gecko; compatible; ClaudeBot/1.0; +claudebot@anthropic.com)"
191.233.1.118 - - [30/Apr/2026:17:00:53 -0300] "GET / HTTP/2.0" 200 31012 "-" "Mozilla/5.0 AppleWebKit/537.36 (KHTML, like Gecko); compatible; ChatGPT-User/1.0; +https://openai.com/bot"
191.233.1.122 - - [30/Apr/2026:17:00:54 -0300] "GET / HTTP/2.0" 200 31012 "-" "Mozilla/5.0 AppleWebKit/537.36 (KHTML, like Gecko); compatible; ChatGPT-User/1.0; +https://openai.com/bot"
216.73.217.146 - - [30/Apr/2026:17:01:17 -0300] "GET /dimon/midea/619e561a21e41/GCONV_PATH=./?C=D&O=D HTTP/2.0" 200 727 "-" "Mozilla/5.0 AppleWebKit/537.36 (KHTML, like Gecko; compatible; ClaudeBot/1.0; +claudebot@anthropic.com)"
157.55.39.54 - - [30/Apr/2026:17:01:28 -0300] "GET /day-to-night?/the-witcher-3-jogo/800001970h.html HTTP/2.0" 200 8726 "-" "Mozilla/5.0 AppleWebKit/537.36 (KHTML, like Gecko; compatible; bingbot/2.0; +http://www.bing.com/bingbot.htm) Chrome/116.0.1938.76 Safari/537.36"
216.73.217.146 - - [30/Apr/2026:17:01:41 -0300] "GET /dimon/midea/644bdb632b301/GCONV_PATH=./?C=N&O=A HTTP/2.0" 200 727 "-" "Mozilla/5.0 AppleWebKit/537.36 (KHTML, like Gecko; compatible; ClaudeBot/1.0; +claudebot@anthropic.com)"
177.200.133.186 - - [30/Apr/2026:17:02:31 -0300] "GET / HTTP/2.0" 200 31012 "-" "Mozilla/5.0 (Windows NT 10.0; Win64; x64) AppleWebKit/537.36 (KHTML, like Gecko) Chrome/147.0.0.0 Safari/537.36 Edg/147.0.0.0"
216.73.217.146 - - [30/Apr/2026:17:02:45 -0300] "GET /dimon/midea/619e561a21e41/GCONV_PATH=./?C=N&O=A HTTP/2.0" 200 727 "-" "Mozilla/5.0 AppleWebKit/537.36 (KHTML, like Gecko; compatible; ClaudeBot/1.0; +claudebot@anthropic.com)"
85.208.96.205 - - [30/Apr/2026:17:02:53 -0300] "GET /robots.txt HTTP/1.1" 404 - "-" "Mozilla/5.0 (compatible; SemrushBot/7~bl; +http://www.semrush.com/bot.html)"
85.208.96.206 - - [30/Apr/2026:17:02:54 -0300] "GET /noticias/172/28102021 HTTP/1.1" 200 51474 "-" "Mozilla/5.0 (compatible; SemrushBot/7~bl; +http://www.semrush.com/bot.html)"
216.73.217.146 - - [30/Apr/2026:17:02:59 -0300] "GET /dimon/midea/644bdb632b301/.pkexec/?C=S&O=D HTTP/2.0" 200 898 "-" "Mozilla/5.0 AppleWebKit/537.36 (KHTML, like Gecko; compatible; ClaudeBot/1.0; +claudebot@anthropic.com)"
216.73.217.146 - - [30/Apr/2026:17:03:20 -0300] "GET /dimon/midea/644bdb632b301/.pkexec/?C=M&O=D HTTP/2.0" 200 898 "-" "Mozilla/5.0 AppleWebKit/537.36 (KHTML, like Gecko; compatible; ClaudeBot/1.0; +claudebot@anthropic.com)"
216.73.217.146 - - [30/Apr/2026:17:03:28 -0300] "GET /dimon/midea/644bdb632b301/.pkexec/?C=D&O=D HTTP/2.0" 200 898 "-" "Mozilla/5.0 AppleWebKit/537.36 (KHTML, like Gecko; compatible; ClaudeBot/1.0; +claudebot@anthropic.com)"
216.73.217.146 - - [30/Apr/2026:17:03:56 -0300] "GET /dimon/midea/619e561a21e41/.pkexec/?C=S&O=D HTTP/2.0" 200 898 "-" "Mozilla/5.0 AppleWebKit/537.36 (KHTML, like Gecko; compatible; ClaudeBot/1.0; +claudebot@anthropic.com)"
216.73.217.146 - - [30/Apr/2026:17:04:42 -0300] "GET /dimon/midea/619e561a21e41/.pkexec/?C=M&O=D HTTP/2.0" 200 898 "-" "Mozilla/5.0 AppleWebKit/537.36 (KHTML, like Gecko; compatible; ClaudeBot/1.0; +claudebot@anthropic.com)"
216.73.217.146 - - [30/Apr/2026:17:05:21 -0300] "GET /dimon/midea/644bdb632b301/.pkexec/?C=N&O=A HTTP/2.0" 200 898 "-" "Mozilla/5.0 AppleWebKit/537.36 (KHTML, like Gecko; compatible; ClaudeBot/1.0; +claudebot@anthropic.com)"
216.73.217.146 - - [30/Apr/2026:17:05:32 -0300] "GET /dimon/midea/619e561a21e41/.pkexec/?C=N&O=A HTTP/2.0" 200 898 "-" "Mozilla/5.0 AppleWebKit/537.36 (KHTML, like Gecko; compatible; ClaudeBot/1.0; +claudebot@anthropic.com)"
216.73.217.146 - - [30/Apr/2026:17:05:38 -0300] "GET /dimon/midea/619e561a21e41/.pkexec/?C=D&O=D HTTP/2.0" 200 898 "-" "Mozilla/5.0 AppleWebKit/537.36 (KHTML, like Gecko; compatible; ClaudeBot/1.0; +claudebot@anthropic.com)"
216.73.217.146 - - [30/Apr/2026:17:06:18 -0300] "GET /dimon/midea/628e790fb3b84/.pkexec/GCONV_PATH=./?C=S&O=D HTTP/2.0" 200 751 "-" "Mozilla/5.0 AppleWebKit/537.36 (KHTML, like Gecko; compatible; ClaudeBot/1.0; +claudebot@anthropic.com)"
216.73.217.146 - - [30/Apr/2026:17:06:29 -0300] "GET /dimon/midea/628e790fb3b84/.pkexec/GCONV_PATH=./?C=M&O=D HTTP/2.0" 200 751 "-" "Mozilla/5.0 AppleWebKit/537.36 (KHTML, like Gecko; compatible; ClaudeBot/1.0; +claudebot@anthropic.com)"
216.73.217.146 - - [30/Apr/2026:17:07:00 -0300] "GET /dimon/midea/628e790fb3b84/.pkexec/GCONV_PATH=./?C=D&O=D HTTP/2.0" 200 751 "-" "Mozilla/5.0 AppleWebKit/537.36 (KHTML, like Gecko; compatible; ClaudeBot/1.0; +claudebot@anthropic.com)"
216.73.217.146 - - [30/Apr/2026:17:07:20 -0300] "GET /dimon/midea/628e790fb3b84/.pkexec/GCONV_PATH=./?C=N&O=A HTTP/2.0" 200 751 "-" "Mozilla/5.0 AppleWebKit/537.36 (KHTML, like Gecko; compatible; ClaudeBot/1.0; +claudebot@anthropic.com)"
216.73.217.146 - - [30/Apr/2026:17:07:39 -0300] "GET /dimon/midea/628e790fb3b84/?C=M&O=D HTTP/2.0" 200 1053 "-" "Mozilla/5.0 AppleWebKit/537.36 (KHTML, like Gecko; compatible; ClaudeBot/1.0; +claudebot@anthropic.com)"
216.73.217.146 - - [30/Apr/2026:17:08:10 -0300] "GET /dimon/midea/628e790fb3b84/?C=D&O=D HTTP/2.0" 200 1053 "-" "Mozilla/5.0 AppleWebKit/537.36 (KHTML, like Gecko; compatible; ClaudeBot/1.0; +claudebot@anthropic.com)"
216.73.217.146 - - [30/Apr/2026:17:08:30 -0300] "GET /dimon/midea/628e790fb3b84/?C=N&O=A HTTP/2.0" 200 1053 "-" "Mozilla/5.0 AppleWebKit/537.36 (KHTML, like Gecko; compatible; ClaudeBot/1.0; +claudebot@anthropic.com)"
47.79.205.137 - - [30/Apr/2026:17:10:27 -0300] "GET /site/img/new-imgs/banner-site-caxingo-pm.jpg HTTP/1.1" 200 248380 "-" "Mozilla/5.0 (Macintosh; Intel Mac OS X 10_15_7) AppleWebKit/537.36 (KHTML, like Gecko) Chrome/146.0.0.0 Safari/537.36"
207.46.13.160 - - [30/Apr/2026:17:11:42 -0300] "GET /thank-those-who-understand HTTP/2.0" 200 8726 "-" "Mozilla/5.0 AppleWebKit/537.36 (KHTML, like Gecko; compatible; bingbot/2.0; +http://www.bing.com/bingbot.htm) Chrome/116.0.1938.76 Safari/537.36"
185.191.171.3 - - [30/Apr/2026:17:12:44 -0300] "GET /noticias/110/01102021 HTTP/1.1" 200 51474 "-" "Mozilla/5.0 (compatible; SemrushBot/7~bl; +http://www.semrush.com/bot.html)"
52.167.144.238 - - [30/Apr/2026:17:20:25 -0300] "GET /noticias/583/gestao-municipal-entrega-carro-0km-para-posto-de-saude-da-comunidade-entre-caatinga HTTP/2.0" 200 17972 "-" "Mozilla/5.0 AppleWebKit/537.36 (KHTML, like Gecko; compatible; bingbot/2.0; +http://www.bing.com/bingbot.htm) Chrome/116.0.1938.76 Safari/537.36"
52.167.144.205 - - [30/Apr/2026:17:22:18 -0300] "GET /no-accessible-picnic-table-had-children-as-it-poked-your-head-how-to-live HTTP/2.0" 200 8726 "-" "Mozilla/5.0 AppleWebKit/537.36 (KHTML, like Gecko; compatible; bingbot/2.0; +http://www.bing.com/bingbot.htm) Chrome/116.0.1938.76 Safari/537.36"
52.167.144.205 - - [30/Apr/2026:17:22:18 -0300] "GET /will-taxation-of-husband-while-undergoing-ovarian-stimulation HTTP/2.0" 200 8726 "-" "Mozilla/5.0 AppleWebKit/537.36 (KHTML, like Gecko; compatible; bingbot/2.0; +http://www.bing.com/bingbot.htm) Chrome/116.0.1938.76 Safari/537.36"
52.167.144.238 - - [30/Apr/2026:17:23:15 -0300] "GET /cory-for-the-inaugural-address HTTP/2.0" 200 8726 "-" "Mozilla/5.0 AppleWebKit/537.36 (KHTML, like Gecko; compatible; bingbot/2.0; +http://www.bing.com/bingbot.htm) Chrome/116.0.1938.76 Safari/537.36"
52.167.144.189 - - [30/Apr/2026:17:25:18 -0300] "GET /wrought-he-not-sign-or-their-claim-was?/poker-face-joanne-world-tour/8000009nh7.html HTTP/2.0" 200 8726 "-" "Mozilla/5.0 AppleWebKit/537.36 (KHTML, like Gecko; compatible; bingbot/2.0; +http://www.bing.com/bingbot.htm) Chrome/116.0.1938.76 Safari/537.36"
52.167.144.189 - - [30/Apr/2026:17:25:46 -0300] "GET /a-brothel-right-next-step-was-very-preoccupied HTTP/2.0" 200 8726 "-" "Mozilla/5.0 AppleWebKit/537.36 (KHTML, like Gecko; compatible; bingbot/2.0; +http://www.bing.com/bingbot.htm) Chrome/116.0.1938.76 Safari/537.36"
52.167.144.189 - - [30/Apr/2026:17:25:58 -0300] "GET /noticias/ HTTP/2.0" 200 190029 "-" "Mozilla/5.0 AppleWebKit/537.36 (KHTML, like Gecko; compatible; bingbot/2.0; +http://www.bing.com/bingbot.htm) Chrome/116.0.1938.76 Safari/537.36"
40.77.167.70 - - [30/Apr/2026:17:26:57 -0300] "GET /did-splat-tag-have-no-talent-coach-shut-down-till-an-hour HTTP/2.0" 200 8726 "-" "Mozilla/5.0 AppleWebKit/537.36 (KHTML, like Gecko; compatible; bingbot/2.0; +http://www.bing.com/bingbot.htm) Chrome/116.0.1938.76 Safari/537.36"
52.167.144.172 - - [30/Apr/2026:17:27:49 -0300] "GET /chud-is-there-usually-all-at-common-law-adjudication HTTP/2.0" 200 8726 "-" "Mozilla/5.0 AppleWebKit/537.36 (KHTML, like Gecko; compatible; bingbot/2.0; +http://www.bing.com/bingbot.htm) Chrome/116.0.1938.76 Safari/537.36"
216.73.217.146 - - [30/Apr/2026:17:29:12 -0300] "GET /robots.txt HTTP/2.0" 404 - "-" "Mozilla/5.0 AppleWebKit/537.36 (KHTML, like Gecko; compatible; ClaudeBot/1.0; +claudebot@anthropic.com)"
216.73.217.146 - - [30/Apr/2026:17:29:13 -0300] "GET /dimon/midea//.pkexec HTTP/2.0" 301 294 "-" "Mozilla/5.0 AppleWebKit/537.36 (KHTML, like Gecko; compatible; ClaudeBot/1.0; +claudebot@anthropic.com)"
216.73.217.146 - - [30/Apr/2026:17:29:13 -0300] "GET /dimon/midea/.pkexec/ HTTP/2.0" 200 856 "https://caxingo.pi.gov.br/dimon/midea//.pkexec" "Mozilla/5.0 AppleWebKit/537.36 (KHTML, like Gecko; compatible; ClaudeBot/1.0; +claudebot@anthropic.com)"
216.73.217.146 - - [30/Apr/2026:17:29:13 -0300] "GET /dimon/midea//69c19339c97b3 HTTP/2.0" 301 359 "-" "Mozilla/5.0 AppleWebKit/537.36 (KHTML, like Gecko; compatible; ClaudeBot/1.0; +claudebot@anthropic.com)"
216.73.217.146 - - [30/Apr/2026:17:29:13 -0300] "GET /dimon/midea/69c19339c97b3/?controller=midea&function=¶metro=69c19339c97b3 HTTP/2.0" 200 872 "https://caxingo.pi.gov.br/dimon/midea//69c19339c97b3" "Mozilla/5.0 AppleWebKit/537.36 (KHTML, like Gecko; compatible; ClaudeBot/1.0; +claudebot@anthropic.com)"
216.73.217.146 - - [30/Apr/2026:17:29:40 -0300] "GET /dimon/midea//69c191cb873eb HTTP/2.0" 301 359 "-" "Mozilla/5.0 AppleWebKit/537.36 (KHTML, like Gecko; compatible; ClaudeBot/1.0; +claudebot@anthropic.com)"
216.73.217.146 - - [30/Apr/2026:17:29:40 -0300] "GET /dimon/midea//69cdc1d1ef9de HTTP/2.0" 301 359 "-" "Mozilla/5.0 AppleWebKit/537.36 (KHTML, like Gecko; compatible; ClaudeBot/1.0; +claudebot@anthropic.com)"
216.73.217.146 - - [30/Apr/2026:17:29:40 -0300] "GET /dimon/midea/69cdc1d1ef9de/?controller=midea&function=¶metro=69cdc1d1ef9de HTTP/2.0" 200 872 "https://caxingo.pi.gov.br/dimon/midea//69cdc1d1ef9de" "Mozilla/5.0 AppleWebKit/537.36 (KHTML, like Gecko; compatible; ClaudeBot/1.0; +claudebot@anthropic.com)"
216.73.217.146 - - [30/Apr/2026:17:29:40 -0300] "GET /dimon/midea/69c191cb873eb/?controller=midea&function=¶metro=69c191cb873eb HTTP/2.0" 200 872 "https://caxingo.pi.gov.br/dimon/midea//69c191cb873eb" "Mozilla/5.0 AppleWebKit/537.36 (KHTML, like Gecko; compatible; ClaudeBot/1.0; +claudebot@anthropic.com)"
216.73.217.146 - - [30/Apr/2026:17:29:47 -0300] "GET /dimon/midea//69dd51150d023 HTTP/2.0" 301 359 "-" "Mozilla/5.0 AppleWebKit/537.36 (KHTML, like Gecko; compatible; ClaudeBot/1.0; +claudebot@anthropic.com)"
216.73.217.146 - - [30/Apr/2026:17:29:47 -0300] "GET /dimon/midea//69d91dd79ebc1 HTTP/2.0" 301 359 "-" "Mozilla/5.0 AppleWebKit/537.36 (KHTML, like Gecko; compatible; ClaudeBot/1.0; +claudebot@anthropic.com)"
216.73.217.146 - - [30/Apr/2026:17:29:47 -0300] "GET /dimon/midea/69dd51150d023/?controller=midea&function=¶metro=69dd51150d023 HTTP/2.0" 200 687 "https://caxingo.pi.gov.br/dimon/midea//69dd51150d023" "Mozilla/5.0 AppleWebKit/537.36 (KHTML, like Gecko; compatible; ClaudeBot/1.0; +claudebot@anthropic.com)"
216.73.217.146 - - [30/Apr/2026:17:29:47 -0300] "GET /dimon/midea/69d91dd79ebc1/?controller=midea&function=¶metro=69d91dd79ebc1 HTTP/2.0" 200 2357 "https://caxingo.pi.gov.br/dimon/midea//69d91dd79ebc1" "Mozilla/5.0 AppleWebKit/537.36 (KHTML, like Gecko; compatible; ClaudeBot/1.0; +claudebot@anthropic.com)"
157.55.39.54 - - [30/Apr/2026:17:29:57 -0300] "GET /navigation-with-one-entity HTTP/2.0" 200 8726 "-" "Mozilla/5.0 AppleWebKit/537.36 (KHTML, like Gecko; compatible; bingbot/2.0; +http://www.bing.com/bingbot.htm) Chrome/116.0.1938.76 Safari/537.36"
216.73.217.146 - - [30/Apr/2026:17:31:04 -0300] "GET /dimon/midea//69dd0e649cf87 HTTP/2.0" 301 359 "-" "Mozilla/5.0 AppleWebKit/537.36 (KHTML, like Gecko; compatible; ClaudeBot/1.0; +claudebot@anthropic.com)"
216.73.217.146 - - [30/Apr/2026:17:31:04 -0300] "GET /dimon/midea//69c14f3d7bf97 HTTP/2.0" 301 359 "-" "Mozilla/5.0 AppleWebKit/537.36 (KHTML, like Gecko; compatible; ClaudeBot/1.0; +claudebot@anthropic.com)"
216.73.217.146 - - [30/Apr/2026:17:31:04 -0300] "GET /dimon/midea/69c14f3d7bf97/?controller=midea&function=¶metro=69c14f3d7bf97 HTTP/2.0" 200 872 "https://caxingo.pi.gov.br/dimon/midea//69c14f3d7bf97" "Mozilla/5.0 AppleWebKit/537.36 (KHTML, like Gecko; compatible; ClaudeBot/1.0; +claudebot@anthropic.com)"
216.73.217.146 - - [30/Apr/2026:17:31:04 -0300] "GET /dimon/midea/69dd0e649cf87/?controller=midea&function=¶metro=69dd0e649cf87 HTTP/2.0" 200 872 "https://caxingo.pi.gov.br/dimon/midea//69dd0e649cf87" "Mozilla/5.0 AppleWebKit/537.36 (KHTML, like Gecko; compatible; ClaudeBot/1.0; +claudebot@anthropic.com)"
216.73.217.146 - - [30/Apr/2026:17:31:23 -0300] "GET /dimon/midea//69dced831e636 HTTP/2.0" 301 359 "-" "Mozilla/5.0 AppleWebKit/537.36 (KHTML, like Gecko; compatible; ClaudeBot/1.0; +claudebot@anthropic.com)"
216.73.217.146 - - [30/Apr/2026:17:31:23 -0300] "GET /dimon/midea//69c1eddbe2695 HTTP/2.0" 301 359 "-" "Mozilla/5.0 AppleWebKit/537.36 (KHTML, like Gecko; compatible; ClaudeBot/1.0; +claudebot@anthropic.com)"
216.73.217.146 - - [30/Apr/2026:17:31:23 -0300] "GET /dimon/midea/69c1eddbe2695/?controller=midea&function=¶metro=69c1eddbe2695 HTTP/2.0" 200 872 "https://caxingo.pi.gov.br/dimon/midea//69c1eddbe2695" "Mozilla/5.0 AppleWebKit/537.36 (KHTML, like Gecko; compatible; ClaudeBot/1.0; +claudebot@anthropic.com)"
216.73.217.146 - - [30/Apr/2026:17:31:23 -0300] "GET /dimon/midea/69dced831e636/?controller=midea&function=¶metro=69dced831e636 HTTP/2.0" 200 872 "https://caxingo.pi.gov.br/dimon/midea//69dced831e636" "Mozilla/5.0 AppleWebKit/537.36 (KHTML, like Gecko; compatible; ClaudeBot/1.0; +claudebot@anthropic.com)"
216.73.217.146 - - [30/Apr/2026:17:31:33 -0300] "GET /dimon/midea//69dd5152a24e5 HTTP/2.0" 301 359 "-" "Mozilla/5.0 AppleWebKit/537.36 (KHTML, like Gecko; compatible; ClaudeBot/1.0; +claudebot@anthropic.com)"
216.73.217.146 - - [30/Apr/2026:17:31:33 -0300] "GET /dimon/midea//69c18e58f36aa HTTP/2.0" 301 359 "-" "Mozilla/5.0 AppleWebKit/537.36 (KHTML, like Gecko; compatible; ClaudeBot/1.0; +claudebot@anthropic.com)"
216.73.217.146 - - [30/Apr/2026:17:31:33 -0300] "GET /dimon/midea/69c18e58f36aa/?controller=midea&function=¶metro=69c18e58f36aa HTTP/2.0" 200 872 "https://caxingo.pi.gov.br/dimon/midea//69c18e58f36aa" "Mozilla/5.0 AppleWebKit/537.36 (KHTML, like Gecko; compatible; ClaudeBot/1.0; +claudebot@anthropic.com)"
216.73.217.146 - - [30/Apr/2026:17:31:33 -0300] "GET /dimon/midea/69dd5152a24e5/?controller=midea&function=¶metro=69dd5152a24e5 HTTP/2.0" 200 1071 "https://caxingo.pi.gov.br/dimon/midea//69dd5152a24e5" "Mozilla/5.0 AppleWebKit/537.36 (KHTML, like Gecko; compatible; ClaudeBot/1.0; +claudebot@anthropic.com)"
207.46.13.102 - - [30/Apr/2026:17:31:41 -0300] "GET /such-report-shall-terminate-the-shell HTTP/2.0" 200 8726 "-" "Mozilla/5.0 AppleWebKit/537.36 (KHTML, like Gecko; compatible; bingbot/2.0; +http://www.bing.com/bingbot.htm) Chrome/116.0.1938.76 Safari/537.36"
216.73.217.146 - - [30/Apr/2026:17:32:08 -0300] "GET /dimon/midea//69d3d5f47f30c HTTP/2.0" 301 359 "-" "Mozilla/5.0 AppleWebKit/537.36 (KHTML, like Gecko; compatible; ClaudeBot/1.0; +claudebot@anthropic.com)"
216.73.217.146 - - [30/Apr/2026:17:32:08 -0300] "GET /dimon/midea//69c190253a8e2 HTTP/2.0" 301 359 "-" "Mozilla/5.0 AppleWebKit/537.36 (KHTML, like Gecko; compatible; ClaudeBot/1.0; +claudebot@anthropic.com)"
216.73.217.146 - - [30/Apr/2026:17:32:08 -0300] "GET /dimon/midea/69c190253a8e2/?controller=midea&function=¶metro=69c190253a8e2 HTTP/2.0" 200 1053 "https://caxingo.pi.gov.br/dimon/midea//69c190253a8e2" "Mozilla/5.0 AppleWebKit/537.36 (KHTML, like Gecko; compatible; ClaudeBot/1.0; +claudebot@anthropic.com)"
216.73.217.146 - - [30/Apr/2026:17:32:08 -0300] "GET /dimon/midea/69d3d5f47f30c/?controller=midea&function=¶metro=69d3d5f47f30c HTTP/2.0" 200 1612 "https://caxingo.pi.gov.br/dimon/midea//69d3d5f47f30c" "Mozilla/5.0 AppleWebKit/537.36 (KHTML, like Gecko; compatible; ClaudeBot/1.0; +claudebot@anthropic.com)"
216.73.217.146 - - [30/Apr/2026:17:32:14 -0300] "GET /dimon/midea//69c18cac8d734 HTTP/2.0" 301 359 "-" "Mozilla/5.0 AppleWebKit/537.36 (KHTML, like Gecko; compatible; ClaudeBot/1.0; +claudebot@anthropic.com)"
216.73.217.146 - - [30/Apr/2026:17:32:15 -0300] "GET /dimon/midea/69c18cac8d734/?controller=midea&function=¶metro=69c18cac8d734 HTTP/2.0" 200 1053 "https://caxingo.pi.gov.br/dimon/midea//69c18cac8d734" "Mozilla/5.0 AppleWebKit/537.36 (KHTML, like Gecko; compatible; ClaudeBot/1.0; +claudebot@anthropic.com)"
207.46.13.102 - - [30/Apr/2026:17:32:17 -0300] "GET /once-rehearing-is-not-responsibility-of-education-technology HTTP/2.0" 200 8726 "-" "Mozilla/5.0 AppleWebKit/537.36 (KHTML, like Gecko; compatible; bingbot/2.0; +http://www.bing.com/bingbot.htm) Chrome/116.0.1938.76 Safari/537.36"
216.73.217.146 - - [30/Apr/2026:17:32:44 -0300] "GET /dimon/midea//GCONV_PATH=. HTTP/2.0" 301 299 "-" "Mozilla/5.0 AppleWebKit/537.36 (KHTML, like Gecko; compatible; ClaudeBot/1.0; +claudebot@anthropic.com)"
216.73.217.146 - - [30/Apr/2026:17:32:44 -0300] "GET /dimon/midea/GCONV_PATH=./ HTTP/2.0" 200 685 "https://caxingo.pi.gov.br/dimon/midea//GCONV_PATH=." "Mozilla/5.0 AppleWebKit/537.36 (KHTML, like Gecko; compatible; ClaudeBot/1.0; +claudebot@anthropic.com)"
207.46.13.102 - - [30/Apr/2026:17:33:30 -0300] "GET /subtle-sound-effects HTTP/2.0" 200 8726 "-" "Mozilla/5.0 AppleWebKit/537.36 (KHTML, like Gecko; compatible; bingbot/2.0; +http://www.bing.com/bingbot.htm) Chrome/116.0.1938.76 Safari/537.36"
